on factor of 504 and 4.
4
What is the greatest common divisor of 49 and 196?
49
Calculate the highest common factor of 22 and 13882.
22
Calculate the highest common divisor of 115 and 14950.
115
Calculate the highest common divisor of 5910 and 120.
30
Calculate the greatest common divisor of 91 and 35.
7
Calculate the highest common factor of 702 and 26.
26
What is the greatest common factor of 55 and 495?
55
What is the highest common divisor of 589 and 2413?
19
What is the highest common factor of 26 and 3952?
26
Calculate the greatest common factor of 17 and 7327.
17
Calculate the highest common factor of 4408 and 760.
152
What is the highest common factor of 660 and 11?
11
What is the greatest common divisor of 21 and 14?
7
What is the highest common factor of 192 and 3?
3
Calculate the highest common divisor of 25 and 1460.
5
Calculate the greatest common divisor of 1 and 283.
1
Calculate the highest common divisor of 315 and 1980.
45
What is the highest common factor of 21 and 31920?
21
What is the highest common factor of 70 and 30?
10
Calculate the highest common divisor of 34574 and 590.
118
What is the greatest common factor of 99031 and 167?
167
Calculate the greatest common divisor of 228 and 3534.
114
Calculate the highest common divisor of 12475 and 25.
25
What is the greatest common divisor of 26 and 299?
13
What is the highest common factor of 1196 and 91?
13
What is the highest common divisor of 2786 and 28?
14
What is the greatest common factor of 232 and 58?
58
What is the greatest common factor of 192 and 54?
6
Calculate the highest common divisor of 68 and 204.
68
Calculate the greatest common factor of 4606 and 490.
98
Calculate the highest common divisor of 3060 and 102.
102
Calculate the greatest common divisor of 325 and 26.
13
Calculate the greatest common divisor of 55 and 35.
5
Calculate the highest common factor of 608 and 64.
32
What is the greatest common divisor of 145 and 319?
29
What is the greatest common divisor of 20 and 92?
4
What is the highest common factor of 330 and 4730?
110
What is the greatest common factor of 616 and 110?
22
What is the greatest common factor of 2 and 3098?
2
What is the greatest common factor of 2835 and 35?
35
Calculate the highest common divisor of 44 and 8.
4
What is the greatest common factor of 432 and 12144?
48
What is the highest common factor of 189 and 324?
27
What is the greatest common divisor of 78 and 169?
13
What is the greatest common divisor of 147 and 343?
49
Calculate the highest common factor of 2470 and 260.
130
What is the greatest common divisor of 275 and 5335?
55
What is the greatest common divisor of 21 and 627?
3
Calculate the highest common factor of 935 and 2970.
55
What is the greatest common divisor of 58 and 9106?
58
What is the greatest common factor of 26 and 286?
26
Calculate the highest common factor of 2170 and 70.
70
What is the greatest common factor of 65 and 221?
13
What is the highest common divisor of 440 and 45870?
110
What is the greatest common factor of 462 and 88?
22
What is the greatest common divisor of 117 and 2439?
9
Calculate the highest common factor of 26 and 2041.
13
Calculate the greatest common factor of 56 and 11032.
56
What is the greatest common factor of 435 and 12093?
87
Calculate the greatest common divisor of 56 and 1792.
56
Calculate the greatest common factor of 1539 and 608.
19
Calculate the greatest common divisor of 304 and 16.
16
What is the highest common divisor of 57 and 9367?
19
Calculate the highest common divisor of 57 and 456.
57
What is the highest common divisor of 88 and 253?
11
Calculate the highest common divisor of 19 and 7923.
19
What is the greatest common factor of 672 and 105?
21
Calculate the greatest common factor of 78 and 91.
13
Calculate the highest common divisor of 75 and 1215.
15
What is the greatest common divisor of 24 and 138?
6
What is the highest common factor of 2 and 1762?
2
What is the highest common factor of 10 and 170?
10
What is the highest common factor of 9 and 48?
3
Calculate the greatest common divisor of 1320 and 11.
11
Calculate the greatest common factor of 24 and 54.
6
What is the greatest common factor of 300 and 996?
12
Calculate the greatest common divisor of 86 and 36851.
43
Calculate the greatest common factor of 3 and 21.
3
Calculate the highest common divisor of 286 and 26.
26
What is the highest common factor of 205 and 12833?
41
Calculate the greatest common divisor of 2968 and 42.
14
What is the highest common divisor of 376 and 9588?
188
What is the highest common factor of 84 and 24?
12
What is the highest common factor of 85 and 391?
17
What is the greatest common factor of 949 and 221?
13
What is the highest common divisor of 37 and 592?
37
Calculate the greatest common factor of 1043 and 35.
7
Calculate the greatest common factor of 36726 and 6.
6
Calculate the greatest common factor of 35 and 763.
7
Calculate the highest common factor of 120 and 3110.
10
Calculate the highest common factor of 60467 and 253.
253
What is the greatest common divisor of 2839 and 2004?
167
Calculate the highest common factor of 1964 and 8.
4
Calculate the greatest common factor of 3392 and 53.
53
Calculate the highest common factor of 3 and 246.
3
Calculate the highest common factor of 744 and 42.
6
Calculate the highest common divisor of 18 and 909.
9
What is the greatest common divisor of 42 and 742?
14
Calculate the greatest common divisor of 17 and 16.
1
What is the greatest common factor of 20 and 1660?
20
Calculate the greatest common factor of 28 and 511.
7
Calculate the greatest common divisor of 48 and 684.
12
Calculate the highest common factor of 187 and 143.
11
What is the highest common factor of 112 and 1328?
16
What is the highest common divisor of 1079 and 83?
83
Calculate the highest common factor of 39 and 24.
3
What is the highest common factor of 93 and 45?
3
What is the greatest common divisor of 35 and 1470?
35
Calculate the greatest common factor of 380 and 60.
20
What is the greatest common factor of 134 and 3283?
67
What is the highest common divisor of 56 and 490?
14
What is the greatest common factor of 160 and 5?
5
What is the greatest common factor of 15062 and 34?
34
What is the highest common factor of 884 and 34?
34
Calculate the greatest common divisor of 273 and 15.
3
What is the greatest common divisor of 6 and 34?
2
What is the greatest common factor of 160 and 64?
32
Calculate the highest common divisor of 9 and 3501.
9
Calculate the highest common factor of 10 and 30.
10
Calculate the highest common divisor of 1100 and 22.
22
What is the greatest common divisor of 630 and 378?
126
What is the greatest common factor of 2904 and 288?
24
Calculate the greatest common factor of 1258 and 102.
34
What is the greatest common divisor of 51 and 799?
17
Calculate the greatest common factor of 174 and 18.
6
Calculate the highest common factor of 1106 and 217.
7
Calculate the greatest common factor of 48 and 2928.
48
Calculate the greatest common divisor of 72 and 2124.
36
Calculate the greatest common divisor of 15 and 345.
15
Calculate the highest common divisor of 2497 and 11.
11
Calculate the greatest common factor of 20 and 640.
20
Calculate the greatest common divisor of 357 and 126.
21
What is the highest common factor of 1810 and 10?
10
What is the greatest common factor of 116 and 145?
29
Calculate the highest common factor of 25 and 3775.
25
What is the greatest common divisor of 22100 and 20?
20
Calculate the highest common divisor of 2279 and 53.
53
Calculate the greatest common factor of 945 and 9.
9
What is the highest common factor of 144 and 9?
9
What is the highest common factor of 8 and 1432?
8
Calculate the highest common divisor of 59 and 118.
59
What is the greatest common divisor of 470 and 200?
10
Calculate the highest common divisor of 272 and 144.
16
Calculate the greatest common divisor of 37448 and 93.
31
Calculate the greatest common factor of 6018 and 102.
102
Calculate the greatest common divisor of 58 and 493.
29
Calculate the greatest common divisor of 116 and 5423.
29
Calculate the greatest common divisor of 2198 and 70.
14
Calculate the highest common factor of 176 and 448.
16
What is the greatest common divis